lculate o(6).
-3
Let q(w) = 15*w**2 - 1. Let o(x) = 132*x**2 + x - 11. Let k(g) = -o(g) + 9*q(g). Suppose -4*r - 6 = -2*t, 0*t + 4*t + 14 = -5*r. What is k(r)?
16
Let y(n) = 21 + 17 + 24 - 63 + 10*n. Let r = 10 - 13. Let m be r - 5/((-5)/4). Give y(m).
9
Let d(q) be the second derivative of -4*q**3/3 - 3*q**2/2 - 144*q + 2. What is d(0)?
-3
Let y(q) = 16*q - 3. Let z(f) = 33*f - 12. Let p(n) = -9*y(n) + 4*z(n). Calculate p(-3).
15
Let v(i) = 15*i - 5. Let c(h) = -3*h**3 - 40*h**2 + 25*h - 40. Let f be c(-14). Determine v(f).
25
Let x(q) be the first derivative of 6*q**2 - 50*q + 8133. What is x(5)?
10
Let j(w) = -w**2 - 1. Suppose 4*z - 15 = -z. Suppose -62*n - 12 = -66*n. Suppose 5*a - 6*b + z*b = -30, -24 = 3*a - n*b. What is j(a)?
-10
Suppose 93 = 3*a + 87. Let l(s) = 19*s - 38*s + 26*s + 8 + s**a. Let d be (-20)/70 - (-40)/(-7). Determine l(d).
2
Let s(u) = -9*u**2 + 24*u + 2. Suppose -19*w + 10 = -47. Let a be s(w). Let h(n) = -8 - 3*n - 4*n + 6*n. What is h(a)?
-1
Let n(m) = 5*m + 68. Let a be n(-13). Let h(p) = -27 - a*p - 26 + 52. Determine h(-2).
5
Let g(z) = -554*z + 166*z**2 + 5 - z**3 + 2 - 147*z**2 + 530*z. Give g(18).
-101
Let m(v) = v**3 - 20*v**2 - 2*v + 30. Suppose 121 - 127 = -3*p, 4*y - 74 = 3*p. Give m(y).
-10
Let x = 44 - 35. Suppose -11*k = -3*a - x*k + 7, 2*a - 5 = k. Let c(d) = a*d + 0*d + 7*d - d. Calculate c(1).
9
Let l(v) = -4 - 3 + 0*v + 0 - 2*v. Let x(y) = -2*y**2 - 4*y + 8. Let b be x(-4). Give l(b).
9
Let g = 258 + -260. Let a be g/4 + (360/16)/15. Let o(u) be the third derivative of u**5/60 - u**4/12 + u**3/6 - u**2. What is o(a)?
0
Let u(j) = -j**2 + 7*j - 48. Let o(g) = 4*g**2 - 33*g + 230. Let c(s) = 4*o(s) + 19*u(s). Determine c(4).
-36
Let r(w) = 3*w - 1. Let t(c) = 7*c - 2. Let b(f) = -9*r(f) + 4*t(f). Suppose -56 = -3*l + 2*l - 3*p, 0 = 4*p - 20. Let o = l - 47. Determine b(o).
-5
Let r be 7*4/6*12/8. Let s(b) be the first derivative of 2*b**2 - 19 - b**2 + 14 - 10*b. Give s(r).
4
Let r(n) = 181*n**2 - 30*n - 65. Let b(i) = 68*i**2 - 10*i - 21. Let a(v) = -8*b(v) + 3*r(v). What is a(-12)?
-51
Let f(p) = 9*p - 7. Let l = 4979 + -4976. Determine f(l).
20
Let c(d) = 11*d. Let u(r) = -13*r + 1. Let p(m) = 7*c(m) + 6*u(m). Suppose 18 = -2*i - 4*j, -2*i + 6 = -4*j - 0. Let l be 4/(36/69) + 2/i. Calculate p(l).
-1
Let c = 18 + 33. Let p = 57 - c. Suppose -11 + 5 = p*b. Let j(v) = 5*v**2 + 1. Give j(b).
6
Let h(c) = 2*c**2 - c + 1. Let p be h(2). Let o(a) = -20*a + 769. Let m(k) = 13*k - 495. Let n(l) = 14*m(l) + 9*o(l). What is n(p)?
5
Let w = -352 - -358. Let l(v) = v**3 - 6*v**2 + 7*v + 11. Determine l(w).
53
Let v(x) = 2*x**2 - 3*x + 3. Let b be v(1). Let c(k) = k**3 + 5*k**b - 5 + 14 + 2*k - 13. Suppose 3*u = -2*u - 25. Determine c(u).
-14
Let g(p) be the third derivative of p**4/24 + 2*p**3/3 - 13*p**2. Let l(f) = 2*f + 9. Let d(s) = 13*g(s) - 6*l(s). Determine d(-6).
-8
Let g = -1233 - -1221. Let z(k) = k**3 + 14*k**2 + 23*k - 23. Determine z(g).
-11
Let m(d) be the third derivative of -d**6/120 - 7*d**5/60 + d**4/3 - 4*d**3/3 - 2*d**2 + 26*d - 67. What is m(-9)?
82
Suppose -33 = p - 5*o, 18 = 7*p - 12*p + 4*o. Let d(s) be the second derivative of -3/2*s**p + 0 - 1/3*s**3 + 4*s. What is d(-3)?
3
Let w(k) = 5*k + 10. Let y(o) = 39*o + 101. Let i(u) = -40*w(u) + 5*y(u). What is i(20)?
5
Let j(v) = 66*v + 2. Let w(f) = -1845*f - 56. Let l(i) = -28*j(i) - w(i). Let x(q) = -q**3 + 2*q**2 - 2*q + 3. Let p be x(2). Determine l(p).
3
Let l(s) = -10*s**2 + 13 - 8*s + s**3 - 8 + 0 - 2*s**3. Let y be (84/(-70))/((-26)/30 + 1). Give l(y).
-4
Let g(j) be the first derivative of j**3/3 + 5*j**2/2 - 5*j + 3. Suppose 0 = 5*n - i + 2*i - 14, 0 = -4*n + 4*i + 16. Let d be ((-1)/2)/(8/288*n). Give g(d).
1
Let x = 362 + -346. Suppose 19*n - x*n + 6 = 0. Let a(s) = -4*s**2. What is a(n)?
-16
Let l(g) = -2*g - 15. Let p(f) = 5*f + 26. Let i(m) = 3*l(m) + p(m). Give i(-17).
-2
Let v(o) = o**2 - 18*o + 2149 + 7*o - 2112. Give v(4).
9
Let f(p) = 7*p**3 + 15*p**2 - 8*p + 3. Let m(j) = -3*j**3 - 7*j**2 + 4*j - 2. Let g(d) = 2*f(d) + 5*m(d). Let b be (-126)/(-35)*(-75)/45. Give g(b).
8
Suppose 6*o - o = 30. Suppose 0 = 2*x - o*x. Let z(d) = 294*d**3 + d + 0*d - 295*d**3 + 3 - 4. What is z(x)?
-1
Suppose -2*t - t - 3*v = 6, 16 = 4*t - 4*v. Let y be 0/(3/((-3)/2)). Let n(g) = g + 1 - g - 4*g + y*g. What is n(t)?
-3
Let a be ((-1)/2)/(((-63)/(-28))/(-9)). Let j(d) = -5*d**a - 2*d - 4*d + 2 + 4*d. Determine j(2).
-22
Let m(u) be the second derivative of -u**4/3 + u**3 - u**2 + 12*u - 3. Give m(4).
-42
Suppose -3*z - 7*j + 3*j = 38, 31 = -z - 5*j. Let r(l) = 1 + 295*l**3 + 7*l**2 - 294*l**3 - l**2 + l - 2*l. Give r(z).
7
Suppose -l - 86 + 12 = 5*t, -t = -2*l + 17. Let w(x) = -x**2 - 16*x + 3. What is w(t)?
18
Let v = 17 - 19. Let l(m) be the first derivative of -3*m**4/4 + m**3/3 - m**2/2 - 2*m - 150. What is l(v)?
28
Let h = 626 - 632. Let s(v) = -26 - 2*v + 14 + 0. Determine s(h).
0
Let p be 8/24*(180/(-27) + (-12)/(-18)). Let s(k) = -52*k + 3. Determine s(p).
107
Let o(t) = -5*t**3 + 34*t**2 + 13*t + 88. Let j(l) = l**3 - 7*l**2 - 3*l - 18. Let d(s) = -21*j(s) - 4*o(s). What is d(12)?
14
Let i(y) = y + 1. Suppose 12*h - 600 = 42*h. Calculate i(h).
-19
Let l(p) = 2*p**3 - 57*p**2 - 29*p - 7. Let o = -1578 + 1607. Determine l(o).
-7
Let z = -96 + 106. Suppose -j = -z*j + 18. Let v(l) = j*l + 57 - l - 55 + l**2 + 3*l. Calculate v(-3).
-1
Let c = -275 - -278. Let p(f) = 9*f - 24. Let u(t) = 5*t - 13. Let x(l) = c*p(l) - 5*u(l). Give x(4).
1
Let z(h) = 2*h + 5. Let p(i) = -i**2 - 8*i - 21. Let y(u) = 2*p(u) + 9*z(u). Give y(0).
3
Let s = 2144 + -2147. Let n(m) = -13*m**2 - 35*m + 4. Determine n(s).
-8
Suppose -t = -2 - 6 + 10. Let d(s) = -s**3 - 5*s - 12. Determine d(t).
6
Let h(x) = -5*x. Let f(s) = -16*s + 121. Let g(l) = 7*l - 61. Let a(z) = 6*f(z) + 13*g(z). Let d be a(-13). What is h(d)?
10
Let n(i) = i**3 - 5*i**2 - 3*i + 11. Suppose 323 - 33 = 58*z. Determine n(z).
-4
Let f(q) be the first derivative of q**6/360 - q**5/120 + q**4/12 - q**3 + 3*q**2/2 + 9. Let n(i) be the third derivative of f(i). Give n(2).
4
Let c(y) = -y**2 - 4*y + 18. Let i = -20052 - -20045. What is c(i)?
-3
Let l = -26 + 29. Suppose l*k + h = 9, -5*k = 4*h - 9 + 1. Suppose -7*j - 3 = x - 2*j, -k*x + 4*j = 36. Let i(o) = o**3 + 9*o**2 + 7*o - 9. Calculate i(x).
-1
Let c(y) = 6*y + 19. Let j(f) = -f - 4. Suppose -10 = -0*h + 5*h. Let t(u) = h*c(u) - 11*j(u). Let q = -3 + -4. Determine t(q).
13
Let p(i) be the second derivative of 5*i - 1/20*i**5 + 5*i**2 - 5 + 2/3*i**4 - 1/6*i**3. Calculate p(8).
2
Let s(n) be the third derivative of n**4/24 + 2*n**3 + 18*n**2. Suppose -125*k = -140*k - 150. What is s(k)?
2
Let a(k) be the third derivative of k**6/120 + 7*k**5/60 + k**4/6 - 7*k**3/6 + 2*k**2. Let j be 3/(-5)*(3/1)/(144/480). Determine a(j).
5
Let c(d) = -d + 6. Suppose -114 = -14*p - 30. Let x(u) = u**3 - 5*u**2 - 5*u - 6. Let b be x(p). Let k be (1 + b)*-12*4/8. Give c(k).
12
Suppose 20 = -4*b, 5*y = 4*b - 29 + 9. Let r(g) = 1585020*g**2 - 3 - 1585021*g**2 - 6*g + 11. Give r(y).
-8
Let a(t) = 3*t + 45. Let o be ((555/(-18))/(-5) - (-23)/(-138)) + -6. Give a(o).
45
Let y(v) be the second derivative of -v**4/6 - 5*v**3/3 + 7*v**2/2 - 491*v. What is y(-6)?
-5
Suppose 4*b + 124 = 2*c, 7*c - 3*c = b + 255. Let k(d) = c*d - 33*d - 32*d + 5. Suppose -2*o - 4 = y, -4*y - 15*o = -10*o + 10. Give k(y).
5
Let s(k) = k + 2. Let x be 6/18 - (3/9 - -2). Let g(q) = 2*q + 4. Let n(v) = x*g(v) + 3*s(v). Determine n(-8).
6
Let y(x) = -x. Let v(n) = 1. Let s(h) = -6*v(h) + y(h). Let p be ((-11)/33)/(16*4/1920). What is s(p)?
4
Suppose -70 = 43*f - 53*f. Let l(w) = w**3 - 7*w**2 + w - 13. Give l(f).
-6
Let t(d) = -10*d + 15. Let k(y) = -9*y + 19. Suppose -19*p = -4*h - 17*p - 8, 0 = h + 5*p + 24. Let i(x) = h*k(x) + 3*t(x). What is i(6)?
5
Let u(a) = a**2 + 2*a - 7. Let d = -281 + 288. Let p be (((-4)/8)/(-1))/(d/(-84)). Give u(p).
17
Suppose -3*j + 18 = -9. Let t = j + -6. Let a(o) = -o + 0*o**t + 12*o**2 - 17*o**2 - o**3 + 2. Calculate a(-2).
-8
Suppose 2*x = 4*x + s - 8, 5*x - 5*s = -10. Let i(g) be the first derivative of g**3 - 3*g**2/2 + 2*g - 2673. Give i(x).
8
Let v(h) = 1109 - h**2 + 26*h + 1110 + 1112 - h**2 - 3330. Calculate v(12).
25
Suppose 0 = 2*l + 2 + 2. Let m =